) + -3)*-5. Let q = -5 - p. Calculate the remainder when 41 is divided by q.
20
Let f = 840 + -788. Calculate the remainder when 204 is divided by f.
48
Suppose -4*v + n - 43 = 0, 0*v + v + 2*n = -13. Let o = v - -27. Calculate the remainder when 31 is divided by o.
15
Suppose 3780 = 53*n - 11*n. Calculate the remainder when n is divided by (6/(-9))/(2/(-72)).
18
Suppose 130 - 6 = 4*b. Calculate the remainder when 4 + -6 - -3 - -121 is divided by b.
29
Let s = 1330 + -1315. Calculate the remainder when 239 is divided by s.
14
Suppose -4*i - 3*y = -1955, -2*i + 6*i - 3*y = 1949. What is the remainder when i is divided by 124?
116
Let s = -9 + 3. Suppose f + 2*q = 79, 389 = 5*f - 21*q + 25*q. Calculate the remainder when f is divided by (-4)/(-6) + (-116)/s.
17
Let j(s) = -s**3 - 6*s**2 - 3*s - 5. Let o = 16 - 4. Suppose -5*m + o = -2*m. Calculate the remainder when j(-6) is divided by m.
1
Let u(o) = -o**2 + 11*o - 15. Let b be u(13). Let n = b + 73. Calculate the remainder when 93 is divided by n.
29
Suppose 29*t + 42 = -132. Let j(p) = 4*p - 8 - 5*p - 4*p. Calculate the remainder when j(t) is divided by 8.
6
Suppose -7*n + 5*n + 40 = 0. Let z = 22 - n. Calculate the remainder when 64 is divided by ((-44)/6)/(z/(-6)).
20
Suppose -4550 = 3*y - 16*y. Suppose 0 = -6*h - 86 + y. What is the remainder when h is divided by 8?
4
Suppose -3 + 3 = -4*v. Suppose -m - 5*p + 4 = v, 7*p + 4 = 3*p. Calculate the remainder when 87 is divided by m.
6
Let k = 55 - 30. Suppose -m + 3*c = -58, -2*m = 3*m - 3*c - 350. What is the remainder when m is divided by (2 - 6)*k/(-4)?
23
Let u = 17 + -13. Suppose u*m + 5*p + 253 = 0, -2*p = 3*p - 15. Let d = -40 - m. What is the remainder when 80 is divided by d?
26
Let z(x) = 96*x**2 - 8*x + 9. What is the remainder when z(1) is divided by 41?
15
Suppose 0*x + 2 = -2*x + 2*h, -3*h = -4*x + 1. Suppose 3*q + 16 = 22. Suppose l = -r + 17, 0*r + q*r = x*l - 56. Calculate the remainder when l is divided by 9.
6
Let w = -349 + 451. What is the remainder when 102 is divided by w?
0
Let v be (-2)/(-9) - 707/63. Let s = -9 - v. Calculate the remainder when s is divided by -4 + (4 - (-2)/1).
0
Let p be 3 - -1 - (85 + 0)*-1. Suppose a - 31 = -3*v, -2*a + 5*v + p - 5 = 0. What is the remainder when a is divided by 21?
16
Let i(z) = 2*z**2 + z - 39. Let d(j) = j**3 - 4*j**2 + 4*j - 2. Calculate the remainder when i(8) is divided by d(4).
13
Suppose 2*s = -3*s + 5*u - 10, 4*s = u + 7. Suppose 2*a + a = s*q + 150, -4*a = -3*q - 199. Suppose 3*n - 11 = a. What is the remainder when 78 is divided by n?
18
Suppose -4*z = 7 - 19. Let c = 15 - z. Let m(r) = 2*r**3 + 2*r**2 - r - 1. Calculate the remainder when m(2) is divided by c.
9
Suppose -4*v + 182 + 25 = 3*z, 105 = 2*v + z. Calculate the remainder when 154 is divided by v.
46
Suppose 9 = 8*a - 5*a. Let y = a + -1. Suppose 0 = -h + 4*d - 19, -3*h - 3*d = -0*h - 18. What is the remainder when y is divided by h?
0
Let p = -110 - -122. Suppose 0 = -4*l - 0*c - 4*c + 24, -5*l + 30 = 2*c. Let o = p - l. Calculate the remainder when 16 is divided by o.
4
Calculate the remainder when (7172/176)/(1 - (-6)/(-8)) is divided by 1/2 + 324/8.
40
Let o(u) = -3*u - 5. Let b be o(-3). Suppose -b*c - 2*a + 24 = -a, -c + 5*a - 15 = 0. Let z = -8 - -16. Calculate the remainder when z is divided by c.
3
Let n(f) = f**2 + f - 2. Let c(r) = -r**2 + 6*r + 22. Let y = 12 + -4. Calculate the remainder when c(y) is divided by n(2).
2
Let j = 26 - 15. Suppose 9 = 5*t + 5*p - j, -15 = 5*p. Suppose -62 = -4*o + 2*q, q - 2*q + 8 = o. What is the remainder when o is divided by t?
6
Let o(m) be the first derivative of m**4/2 + m**3/3 + m**2 + 20. What is the remainder when 44 - 3*(-3 + 2) is divided by o(2)?
23
Let s = 1705 - 1460. What is the remainder when s is divided by 23?
15
Let t(y) = 32 + 13*y - 19 - 19. Calculate the remainder when t(4) is divided by 12.
10
Let q(i) = 23*i + 2. Calculate the remainder when q(2) is divided by 21/3*80/56.
8
Let k = -7 + 3. Let a = k + 6. Let r(n) = -n**2 + 16*n - 12. What is the remainder when r(15) is divided by a?
1
Let h(a) = -55*a - 98. Calculate the remainder when 82 is divided by h(-2).
10
Let m = -19 - -53. Let b = -131 + 194. Calculate the remainder when b is divided by m.
29
Let k be (20/7)/(2/14). Let u = k + 1. Calculate the remainder when u is divided by 8.
5
Let v = -5832 + 9680. Calculate the remainder when v is divided by 14.
12
What is the remainder when (57/(-6))/((-4)/272) is divided by 12?
10
Let p be (12/15)/(3/15). Suppose -p*t - 33 = -237. What is the remainder when 201 is divided by t?
48
Let f(d) = -d**2 - 7*d - 5. Let l = -13525 + 13549. Calculate the remainder when l is divided by f(-5).
4
Suppose a = -3*p - 1, -4*a - 3*p - 4 = -0. Let q be ((-18)/8 - a)*-4. Suppose y - q*w = -16 + 2, 0 = -3*w + 12. Calculate the remainder when 11 is divided by y.
5
Let o(k) = k**3 - 5*k**2 + k. Let t be o(5). Suppose -3*d - 3*w = -111, 4*w = 7 + t. What is the remainder when d is divided by -1 + -1 + 1 + 13?
10
Suppose -8152 = -2648*s + 2640*s. Calculate the remainder when s is divided by 30.
29
Let l = -50 + 50. Suppose 13*y - 5*y - 264 = l. What is the remainder when 196 is divided by y?
31
Let h(c) = -c + 16. What is the remainder when 156 is divided by h(-17)?
24
Let o(t) = -t**3 - 8*t**2 + 4*t - 42. Calculate the remainder when 195 is divided by o(-9).
0
What is the remainder when 5/15*6 + 0 + 61 is divided by 16?
15
Let b = -155 + 276. Calculate the remainder when b is divided by 31.
28
Let q be 13/5 + (-21)/35. Let w(a) = 3*a**3 + 2. What is the remainder when w(q) is divided by 15?
11
Suppose 0 = -13*n + 8*n - 3*o + 107, 3*n - 4*o - 41 = 0. What is the remainder when 83 is divided by n?
7
Suppose -27*o + 30 = -22*o. Suppose -16*q = -o*q - 200. What is the remainder when 79 is divided by q?
19
Suppose -2*k + 0 = 78. Let x be 2 + (-12)/7 - (-240)/(-105). What is the remainder when k*((-9)/3 - x) is divided by 7?
4
Let w = -1941 - -2144. What is the remainder when w is divided by 17?
16
Let v(h) = -6*h - 6. Let f be v(-4). Let o = f - 14. Calculate the remainder when o is divided by 2.
0
Let f(u) = u + 18. Let r be (-187)/(-66) + (-2)/(-12). Calculate the remainder when f(r) is divided by 12.
9
Let s(i) = i**3 - 6 + 14*i + 13*i + 3*i**2 - 33*i. Let n be s(-6). Let w = 17 - n. What is the remainder when w is divided by 24?
23
Suppose -2*s + 4*j = -18, 3*j = 2*s + 10 - 28. Suppose -2*t + s = -3. Calculate the remainder when t is divided by 2.
0
Suppose -27 - 113 = -14*w. Suppose -w*g + 1014 = 3*g. What is the remainder when g is divided by 6/(3/10*1)?
18
Suppose 6*g - 2*r - 27 = 5*g, -g + 4*r + 19 = 0. Calculate the remainder when g is divided by 20.
15
Let k(w) = -10*w + 111. Calculate the remainder when k(-16) is divided by 13.
11
Let k(i) = -1 + 0*i**3 - i - i**3 + 7*i + i + 2*i**2. Let s(f) = -f**3 - 6*f**2 - 8*f - 9. Calculate the remainder when s(-6) is divided by k(3).
6
What is the remainder when -13*((-96)/4)/4 is divided by 14?
8
Suppose -6*k + 2*k = -12. Suppose k*n = -n. Suppose n = -2*j + j + 7. What is the remainder when 11 is divided by j?
4
Let g(a) = 9*a + 36. Let k = 45 - 38. What is the remainder when g(k) is divided by 34?
31
Suppose -7*r = -13*r + 570. Suppose 4*j + 2*x = 118, 5*j - x = 172 - 7. What is the remainder when r is divided by j?
31
Let a(o) = -o**2 - 12*o - 3. Calculate the remainder when 2360/28 - 6/21 is divided by a(-8).
26
Let q(h) = h**3 - 7*h**2 + 8*h - 9. Let n be q(6). Suppose 3*d - 53 = 4*f, -d + 73 = 3*d - n*f. What is the remainder when 92 is divided by d?
16
Let a(j) = 9*j**2 + 10*j - 32. What is the remainder when a(4) is divided by 55?
42
Suppose 56*o + 72 = 50*o. Let g = 4 - 1. Calculate the remainder when o/(-1) - 2*(-2)/4 is divided by g.
1
Suppose 5*y = 2*d + 77, -3*d - 67 = -3*y - 7*d. Let g = -94 - -177. Calculate the remainder when g is divided by y.
15
Suppose -5*a = 2*r - 59, 3*r + 2*a - 72 = -0*r. What is the remainder when r is divided by 9?
4
Let n(z) be the third derivative of z**6/120 + z**5/10 + 5*z**4/24 - z**3/6 + 12*z**2. What is the remainder when n(-3) is divided by 4?
3
Let a(z) = z**2 - 6*z - 8. Let h be a(7). Let l = h + 4. What is the remainder when 3*(-2)/(4/(-2)) is divided by l?
0
Let p 